 is the tens digit of w?
1
Suppose 1 = -2*s + 2*n + 13, s = -n - 4. What is the units digit of s?
1
Let i(t) = t**3 - 5*t**2 + t - 5. Let m = 7 + -3. Let q be i(m). Let f = 24 + q. What is the units digit of f?
7
Suppose 0 = -2*q + 5 + 1. Let s(n) = -n**3 - 8*n**2 - 10*n + 8. Let d be s(-8). Suppose 2*p = -q*o + 44, -4*o - o - d = -4*p. What is the tens digit of p?
2
Let c(y) = -64*y. Let p be c(-1). Suppose -2*i - 3*h + 32 = 0, 0*i - p = -2*i + 5*h. What is the tens digit of i?
2
Let w(m) = 6*m**2 - 22. What is the tens digit of w(-5)?
2
Let v(k) = k**2 - 4. Let y be v(-3). Suppose 0 = -g - 4*z + 11, 8*g - y = 3*g + 5*z. What is the units digit of (-2 + 7/g)*21?
7
Let f = -10 + 14. What is the units digit of (-2)/f + (-108)/(-8)?
3
Suppose -x - 14 = s - 6*x, -5*s - 3*x = -14. Let b be -1 + s - (-30)/(-2). Let z = 0 - b. What is the tens digit of z?
1
Let h(o) = -2*o - 3. Let n be h(-2). Let c(f) be the second derivative of 2*f**5/5 + f**4/12 - f. What is the units digit of c(n)?
9
Let s(r) be the third derivative of r**5/5 - r**4/12 - r**3/6 + 10*r**2. Let j(q) = -q + 3. Let g be j(4). What is the units digit of s(g)?
3
Let n = 7 - 0. Suppose 12*v = 10*v + 8. What is the units digit of v*-1*(n + -9)?
8
Suppose 8 = -11*o + 12*o. What is the units digit of o?
8
Let c(y) = -y**2 - 8*y + 5. Let r be c(-8). Suppose r*h = h - 40. What is the units digit of (28/h)/(2/(-10))?
4
Suppose -2*h = 2*h - 560. Let p = h - 85. What is the units digit of p?
5
What is the units digit of ((-12)/(-15))/(4/10)?
2
Suppose 0 = -5*f - l + 2*l + 709, l + 568 = 4*f. What is the tens digit of f?
4
Let p(b) = 5*b - 3. Let c(o) = -16*o + 9. Let r(f) = -2*c(f) - 7*p(f). What is the tens digit of r(-10)?
3
Let a = 48 - 18. Let r = 20 + 0. Let s = a - r. What is the units digit of s?
0
Let w be 2 - 5 - (-1 - 1). Let k = w + 6. Let s = k + -3. What is the units digit of s?
2
Suppose 6*t + 62 = 8*t. What is the units digit of t?
1
Let c(n) = n**3 + 8*n**2 + 4*n + 3. Let h be c(-5). Let i = h - 34. What is the tens digit of i?
2
Let x(z) = z**2 + 28. Let j be x(0). Suppose 4*t = 5*i + 39 + 62, 4*i + j = t. What is the tens digit of t?
2
Suppose 5*y - 9 = 1. Suppose -4*i + 28 = -y*r, i - 3 - 5 = r. What is the units digit of i?
6
Let n(j) be the third derivative of j**5/60 - j**4/3 + 3*j**3/2 - 3*j**2. What is the units digit of n(7)?
2
Suppose -3*t + 4*q + 22 = 0, q = t + 6*q - 20. What is the units digit of t?
0
Suppose c = 4*w - 17 - 4, -w + c + 9 = 0. Let q be (0 - -2)/(-2) + w. Suppose o + 5*u = 3*u + 19, -q*o + 4*u + 7 = 0. What is the units digit of o?
9
Let b(t) = -3*t - 10. Suppose 3*n = -4 - 5. Let w(y) = -2*y**2 - 2*y + 4. Let u be w(n). What is the units digit of b(u)?
4
Suppose -3*v + 67 - 13 = 0. Suppose 0 = -3*i + 12, 0 = -0*x + 2*x - 2*i - v. What is the units digit of x?
3
Let p(s) = s**3 - s**2 - 14*s - 1. What is the tens digit of p(5)?
2
Suppose 0*l + 20 = 2*l. Let o = l + -7. Suppose -3*h + 36 = o*s, -3*s - s - 12 = -h. What is the tens digit of h?
1
What is the hundreds digit of 4/(48/(-1722))*-2?
2
Let i be (-1)/(1/1) - -4. Suppose 4 = 3*o - 5*y, i*y = 2*o - 2*y - 1. What is the units digit of o?
3
Let l(y) = -y**3 + 9*y**2 - 9*y + 9. Suppose 2*z - 4 = -0*z. Suppose -z*k - k + 24 = 0. What is the units digit of l(k)?
1
Suppose 4*k - 5*a - 17 = 22, -4*k - 4*a = -12. Let v = k + -3. What is the units digit of v?
3
Let j = 9 + 84. What is the tens digit of j?
9
Let p(b) = -b - 6. Let s be -2 - (-5 + 2)*-1. Let v be ((-6)/(-4))/(s/30). What is the units digit of p(v)?
3
Let g = 42 - 70. Let v = g + 66. What is the units digit of v?
8
What is the tens digit of 362/7 + (-50)/(-175)?
5
Let h(y) = -y + 6. What is the units digit of h(2)?
4
Let h(m) = -2*m - 6. Let y be h(-4). Suppose -1 = 4*k + g + y, k = 3*g + 9. Suppose k*n + 3*n = 39. What is the units digit of n?
3
Suppose 0 = -5*t - 3*m + 30, 2*t - 5*m + 9 + 10 = 0. Let h(z) = -8*z - 3*z**3 + 2*z + 4*z**t + 6*z**2 + 9. What is the units digit of h(-7)?
2
Let h be ((-81)/15)/1*-5. Suppose -3*p - 54 = -3*q, -2*q - 5*p + h = -4*p. Suppose 0 = -3*u + 2*y + q + 24, 2*u - 2*y - 26 = 0. What is the tens digit of u?
1
Suppose 356 = 5*d + 4*z, 0*d - 3*d = -3*z - 219. Suppose 0 = -3*g + 6*g - d. What is the tens digit of g?
2
Suppose -51 = -2*x + 85. What is the units digit of x?
8
Suppose 0 = -3*v - 3 + 9. Suppose -5*z + 10*z + 26 = v*m, 0 = -2*z - 3*m - 18. Let d = -2 - z. What is the units digit of d?
4
Suppose 3*g = 4*l + 25, 2*l = 4*g - 0 - 30. Let t = -5 + g. What is the units digit of t?
2
Let c(w) = w**3 + 11*w**2 + 12*w - 6. What is the tens digit of c(-7)?
0
Suppose 0 = 3*z + 3*h - 3, 2*z - 2*h - 3*h - 9 = 0. Let f be (1/(-3))/((-2)/102). Suppose 7 + f = z*o. What is the tens digit of o?
1
Suppose -4*n + 139 = h, -5*h + 4*n - 281 = -976. What is the tens digit of h?
3
Suppose -a = a - 18. Suppose 4*y + 75 = a*y. What is the tens digit of y?
1
Let n(z) = z**3 + 5*z**2 + 2*z + 4. Let s be n(-4). Let j = -4 + s. Suppose 2*p + 3*d - j = 8*d, 4*p = 4*d + 16. What is the units digit of p?
4
Suppose v - 3*x = x + 27, 0 = 2*v + 5*x - 41. What is the units digit of v?
3
Let l(c) = -22*c**3 + c + 1. What is the tens digit of l(-1)?
2
Suppose 2*v + 8 = 0, 4*j - 132 = j - 3*v. What is the tens digit of j?
4
Suppose 22 = 5*m - 58. What is the units digit of m?
6
Suppose 0 = 5*c - 2*c - 471. Suppose -5*l + c + 18 = 0. What is the units digit of l?
5
Let g(m) = -2*m - 1. Let j be g(-3). What is the units digit of j/(-15) + (-92)/(-6)?
5
Let a = -152 - -272. Suppose -2*p = 2*p - a. What is the tens digit of p?
3
Let z(v) be the third derivative of -v**5/60 + 5*v**4/12 - 5*v**3/6 + 2*v**2. Let g be z(9). Suppose g*r = r + 15. What is the units digit of r?
5
Let o(g) = -8*g + 2*g**2 + 5 - 11*g**2 + 2 - 1 - g**3. What is the units digit of o(-8)?
6
Let k = 4 + -2. Suppose 2*n - n + 2*u = -6, k*n - 4*u - 20 = 0. Suppose g - 5*l = -21, -30 = -3*g - n*g - 2*l. What is the units digit of g?
4
Suppose 4*l + 16 = 4. Let i(t) be the first derivative of -t**4/4 - 4*t**3/3 - 2*t**2 - 2*t + 1. What is the units digit of i(l)?
1
Let n(t) = 8*t + 1. Let h be n(1). Let o = 21 - h. What is the tens digit of o?
1
Let n = 301 + -172. What is the tens digit of n?
2
Suppose -4*d - 370 = -2*l, l - 3*d - 8 = 180. What is the hundreds digit of l?
1
Let y = -129 - -291. What is the units digit of y?
2
Let z(m) = -m. Let s(p) = 10*p + 3. Let f(x) = 9*x + 4. Let v(j) = -4*f(j) + 3*s(j). Let y(w) = v(w) - 5*z(w). What is the units digit of y(-9)?
2
Suppose -3*g + 0*g - 42 = 0. Let n = g - -4. What is the units digit of ((-12)/n)/((-12)/(-80))?
8
Let u(z) = 4*z - 11. What is the units digit of u(12)?
7
What is the units digit of 150/(-20)*-1*4?
0
Suppose 13 = 5*t + 3. What is the units digit of t?
2
Suppose 0 = -3*t + 2*m + 201, -t + 4*m + 0*m + 67 = 0. What is the units digit of t?
7
Suppose -u + 4*u - 42 = -5*o, -3*o - 28 = -2*u. What is the units digit of 32/(-6)*(-21)/u?
8
Let z(h) = h**3 + 0*h - 9 + 0*h - 4*h + 8*h**2 + 0*h**3. What is the units digit of z(-8)?
3
Let f = 50 + -28. What is the tens digit of f?
2
Let x(r) = -16*r - 2. Let n be x(-2). Suppose -u = -4*u + n. Suppose 3*q + u - 52 = 0. What is the tens digit of q?
1
Let v be 2/(-4)*(1 + -1). Let x be -1 - (-1 - (1 + 33)). Suppose 2*o - 4*o + x = v. What is the tens digit of o?
1
Suppose -5 = k - 2*x, -5*k - x - 8 = 6. Let t = -2 - k. What is the units digit of t?
1
Suppose -22 = -z + 4*d, 0 = -2*z - 3*d - 5 - 6. Let m = z + 4. What is the units digit of m?
6
Let g(b) = 9*b**2 - b**3 + 2*b**3 - 6 - 4*b + b. Let r be g(-9). Suppose 0 = 3*x + z - 4*z - r, -3*x = -z - 23. What is the units digit of x?
8
Let p be (-4)/6 - 906/(-9). Suppose 0 = -5*i - b - 104, 5*b = -5*i - 0*b - p. What is the units digit of 1/(-2) - i/2?
0
What is the tens digit of (2070/(-75))/(1/(-5))?
3
Suppose -80 = -2*y - 2*y. What is the tens digit of y?
2
Let l(b) = 3*b**3 + 2*b**2 - 8*b + 6. What is the tens digit of l(3)?
8
Let d(c) = c - 5. Let b be d(9). Let r = b + 0. What is the units digit of r - -6 - (2 + -1)?
9
Suppose 0 = 5*z - z + 2*t - 6, -20 = 4*t. Suppose -z = -m + 3*v, 1 = -2*m + 5*v + 5. Let h = 19 + m. What is the units digit of h?
1
Suppose 0 = 2*f + 2*n - 24, -3*f + 17 = -n - 3. What is the uni